{"id":39,"date":"2025-07-20T20:49:35","date_gmt":"2025-07-20T18:49:35","guid":{"rendered":"https:\/\/darkviolet-crane-275383.hostingersite.com\/our-story\/"},"modified":"2025-08-12T11:57:20","modified_gmt":"2025-08-12T09:57:20","slug":"our-story","status":"publish","type":"page","link":"https:\/\/jobpartner1.com\/?page_id=39","title":{"rendered":"Na\u0161a pri\u010da"},"content":{"rendered":"\t\t<div data-elementor-type=\"wp-page\" data-elementor-id=\"39\" class=\"elementor elementor-39\">\n\t\t\t\t<div class=\"elementor-element elementor-element-47a8853c e-con-full e-flex e-con e-parent\" data-id=\"47a8853c\" data-element_type=\"container\" data-e-type=\"container\">\n\t\t<div class=\"elementor-element elementor-element-17565af1 e-con-full e-flex e-con e-child\" data-id=\"17565af1\" data-element_type=\"container\" data-e-type=\"container\" data-settings=\"{&quot;background_background&quot;:&quot;classic&quot;}\">\n\t\t\t\t<div class=\"elementor-element elementor-element-3fd0410 elementor-widget elementor-widget-heading\" data-id=\"3fd0410\" data-element_type=\"widget\" data-e-type=\"widget\" data-widget_type=\"heading.default\">\n\t\t\t\t\t<h1 class=\"elementor-heading-title elementor-size-default\">Na\u0161a pri\u010da<\/h1>\t\t\t\t<\/div>\n\t\t\t\t<div class=\"elementor-element elementor-element-51341a4 elementor-widget elementor-widget-image\" data-id=\"51341a4\" data-element_type=\"widget\" data-e-type=\"widget\" data-widget_type=\"image.default\">\n\t\t\t\t\t\t\t\t\t\t\t\t\t\t\t<img fetchpriority=\"high\" decoding=\"async\" width=\"768\" height=\"768\" src=\"https:\/\/jobpartner1.com\/wp-content\/uploads\/2025\/08\/viber_image_2025-07-31_08-54-22-398-768x768.jpg\" class=\"attachment-medium_large size-medium_large wp-image-311\" alt=\"\" srcset=\"https:\/\/jobpartner1.com\/wp-content\/uploads\/2025\/08\/viber_image_2025-07-31_08-54-22-398-768x768.jpg 768w, https:\/\/jobpartner1.com\/wp-content\/uploads\/2025\/08\/viber_image_2025-07-31_08-54-22-398-300x300.jpg 300w, https:\/\/jobpartner1.com\/wp-content\/uploads\/2025\/08\/viber_image_2025-07-31_08-54-22-398-1024x1024.jpg 1024w, https:\/\/jobpartner1.com\/wp-content\/uploads\/2025\/08\/viber_image_2025-07-31_08-54-22-398-150x150.jpg 150w, https:\/\/jobpartner1.com\/wp-content\/uploads\/2025\/08\/viber_image_2025-07-31_08-54-22-398-1536x1536.jpg 1536w, https:\/\/jobpartner1.com\/wp-content\/uploads\/2025\/08\/viber_image_2025-07-31_08-54-22-398.jpg 1600w\" sizes=\"(max-width: 768px) 100vw, 768px\" \/>\t\t\t\t\t\t\t\t\t\t\t\t\t\t\t<\/div>\n\t\t\t\t<\/div>\n\t\t\t\t<\/div>\n\t\t\t\t<\/div>\n\t\t","protected":false},"excerpt":{"rendered":"<p>Na\u0161a pri\u010da<\/p>\n","protected":false},"author":1,"featured_media":0,"parent":0,"menu_order":0,"comment_status":"closed","ping_status":"closed","template":"elementor_header_footer","meta":{"footnotes":""},"class_list":["post-39","page","type-page","status-publish","hentry"],"yoast_head":"<!-- This site is optimized with the Yoast SEO plugin v27.5 - https:\/\/yoast.com\/product\/yoast-seo-wordpress\/ -->\n<title>Na\u0161a pri\u010da - Job Partner<\/title>\n<meta name=\"robots\" content=\"index, follow, max-snippet:-1, max-image-preview:large, max-video-preview:-1\" \/>\n<link rel=\"canonical\" href=\"https:\/\/jobpartner1.com\/?page_id=39\" \/>\n<meta property=\"og:locale\" content=\"en_US\" \/>\n<meta property=\"og:type\" content=\"article\" \/>\n<meta property=\"og:title\" content=\"Na\u0161a pri\u010da - Job Partner\" \/>\n<meta property=\"og:description\" content=\"Na\u0161a pri\u010da\" \/>\n<meta property=\"og:url\" content=\"https:\/\/jobpartner1.com\/?page_id=39\" \/>\n<meta property=\"og:site_name\" content=\"Job Partner\" \/>\n<meta property=\"article:modified_time\" content=\"2025-08-12T09:57:20+00:00\" \/>\n<meta property=\"og:image\" content=\"https:\/\/jobpartner1.com\/wp-content\/uploads\/2025\/08\/viber_image_2025-07-31_08-54-22-398-768x768.jpg\" \/>\n<meta name=\"twitter:card\" content=\"summary_large_image\" \/>\n<meta name=\"twitter:label1\" content=\"Est. reading time\" \/>\n\t<meta name=\"twitter:data1\" content=\"1 minute\" \/>\n<script type=\"application\/ld+json\" class=\"yoast-schema-graph\">{\"@context\":\"https:\\\/\\\/schema.org\",\"@graph\":[{\"@type\":\"WebPage\",\"@id\":\"https:\\\/\\\/jobpartner1.com\\\/?page_id=39\",\"url\":\"https:\\\/\\\/jobpartner1.com\\\/?page_id=39\",\"name\":\"Na\u0161a pri\u010da - Job Partner\",\"isPartOf\":{\"@id\":\"https:\\\/\\\/jobpartner1.com\\\/#website\"},\"primaryImageOfPage\":{\"@id\":\"https:\\\/\\\/jobpartner1.com\\\/?page_id=39#primaryimage\"},\"image\":{\"@id\":\"https:\\\/\\\/jobpartner1.com\\\/?page_id=39#primaryimage\"},\"thumbnailUrl\":\"https:\\\/\\\/jobpartner1.com\\\/wp-content\\\/uploads\\\/2025\\\/08\\\/viber_image_2025-07-31_08-54-22-398-768x768.jpg\",\"datePublished\":\"2025-07-20T18:49:35+00:00\",\"dateModified\":\"2025-08-12T09:57:20+00:00\",\"breadcrumb\":{\"@id\":\"https:\\\/\\\/jobpartner1.com\\\/?page_id=39#breadcrumb\"},\"inLanguage\":\"en-US\",\"potentialAction\":[{\"@type\":\"ReadAction\",\"target\":[\"https:\\\/\\\/jobpartner1.com\\\/?page_id=39\"]}]},{\"@type\":\"ImageObject\",\"inLanguage\":\"en-US\",\"@id\":\"https:\\\/\\\/jobpartner1.com\\\/?page_id=39#primaryimage\",\"url\":\"https:\\\/\\\/jobpartner1.com\\\/wp-content\\\/uploads\\\/2025\\\/08\\\/viber_image_2025-07-31_08-54-22-398.jpg\",\"contentUrl\":\"https:\\\/\\\/jobpartner1.com\\\/wp-content\\\/uploads\\\/2025\\\/08\\\/viber_image_2025-07-31_08-54-22-398.jpg\",\"width\":1600,\"height\":1600},{\"@type\":\"BreadcrumbList\",\"@id\":\"https:\\\/\\\/jobpartner1.com\\\/?page_id=39#breadcrumb\",\"itemListElement\":[{\"@type\":\"ListItem\",\"position\":1,\"name\":\"Home\",\"item\":\"https:\\\/\\\/jobpartner1.com\\\/\"},{\"@type\":\"ListItem\",\"position\":2,\"name\":\"Na\u0161a pri\u010da\"}]},{\"@type\":\"WebSite\",\"@id\":\"https:\\\/\\\/jobpartner1.com\\\/#website\",\"url\":\"https:\\\/\\\/jobpartner1.com\\\/\",\"name\":\"Job Partner\",\"description\":\"Posao Austrija - Slovenija\",\"potentialAction\":[{\"@type\":\"SearchAction\",\"target\":{\"@type\":\"EntryPoint\",\"urlTemplate\":\"https:\\\/\\\/jobpartner1.com\\\/?s={search_term_string}\"},\"query-input\":{\"@type\":\"PropertyValueSpecification\",\"valueRequired\":true,\"valueName\":\"search_term_string\"}}],\"inLanguage\":\"en-US\"}]}<\/script>\n<!-- \/ Yoast SEO plugin. -->","yoast_head_json":{"title":"Na\u0161a pri\u010da - Job Partner","robots":{"index":"index","follow":"follow","max-snippet":"max-snippet:-1","max-image-preview":"max-image-preview:large","max-video-preview":"max-video-preview:-1"},"canonical":"https:\/\/jobpartner1.com\/?page_id=39","og_locale":"en_US","og_type":"article","og_title":"Na\u0161a pri\u010da - Job Partner","og_description":"Na\u0161a pri\u010da","og_url":"https:\/\/jobpartner1.com\/?page_id=39","og_site_name":"Job Partner","article_modified_time":"2025-08-12T09:57:20+00:00","og_image":[{"url":"https:\/\/jobpartner1.com\/wp-content\/uploads\/2025\/08\/viber_image_2025-07-31_08-54-22-398-768x768.jpg","type":"","width":"","height":""}],"twitter_card":"summary_large_image","twitter_misc":{"Est. reading time":"1 minute"},"schema":{"@context":"https:\/\/schema.org","@graph":[{"@type":"WebPage","@id":"https:\/\/jobpartner1.com\/?page_id=39","url":"https:\/\/jobpartner1.com\/?page_id=39","name":"Na\u0161a pri\u010da - Job Partner","isPartOf":{"@id":"https:\/\/jobpartner1.com\/#website"},"primaryImageOfPage":{"@id":"https:\/\/jobpartner1.com\/?page_id=39#primaryimage"},"image":{"@id":"https:\/\/jobpartner1.com\/?page_id=39#primaryimage"},"thumbnailUrl":"https:\/\/jobpartner1.com\/wp-content\/uploads\/2025\/08\/viber_image_2025-07-31_08-54-22-398-768x768.jpg","datePublished":"2025-07-20T18:49:35+00:00","dateModified":"2025-08-12T09:57:20+00:00","breadcrumb":{"@id":"https:\/\/jobpartner1.com\/?page_id=39#breadcrumb"},"inLanguage":"en-US","potentialAction":[{"@type":"ReadAction","target":["https:\/\/jobpartner1.com\/?page_id=39"]}]},{"@type":"ImageObject","inLanguage":"en-US","@id":"https:\/\/jobpartner1.com\/?page_id=39#primaryimage","url":"https:\/\/jobpartner1.com\/wp-content\/uploads\/2025\/08\/viber_image_2025-07-31_08-54-22-398.jpg","contentUrl":"https:\/\/jobpartner1.com\/wp-content\/uploads\/2025\/08\/viber_image_2025-07-31_08-54-22-398.jpg","width":1600,"height":1600},{"@type":"BreadcrumbList","@id":"https:\/\/jobpartner1.com\/?page_id=39#breadcrumb","itemListElement":[{"@type":"ListItem","position":1,"name":"Home","item":"https:\/\/jobpartner1.com\/"},{"@type":"ListItem","position":2,"name":"Na\u0161a pri\u010da"}]},{"@type":"WebSite","@id":"https:\/\/jobpartner1.com\/#website","url":"https:\/\/jobpartner1.com\/","name":"Job Partner","description":"Posao Austrija - Slovenija","potentialAction":[{"@type":"SearchAction","target":{"@type":"EntryPoint","urlTemplate":"https:\/\/jobpartner1.com\/?s={search_term_string}"},"query-input":{"@type":"PropertyValueSpecification","valueRequired":true,"valueName":"search_term_string"}}],"inLanguage":"en-US"}]}},"_hostinger_reach_plugin_has_subscription_block":false,"_hostinger_reach_plugin_is_elementor":false,"_links":{"self":[{"href":"https:\/\/jobpartner1.com\/index.php?rest_route=\/wp\/v2\/pages\/39","targetHints":{"allow":["GET"]}}],"collection":[{"href":"https:\/\/jobpartner1.com\/index.php?rest_route=\/wp\/v2\/pages"}],"about":[{"href":"https:\/\/jobpartner1.com\/index.php?rest_route=\/wp\/v2\/types\/page"}],"author":[{"embeddable":true,"href":"https:\/\/jobpartner1.com\/index.php?rest_route=\/wp\/v2\/users\/1"}],"replies":[{"embeddable":true,"href":"https:\/\/jobpartner1.com\/index.php?rest_route=%2Fwp%2Fv2%2Fcomments&post=39"}],"version-history":[{"count":37,"href":"https:\/\/jobpartner1.com\/index.php?rest_route=\/wp\/v2\/pages\/39\/revisions"}],"predecessor-version":[{"id":377,"href":"https:\/\/jobpartner1.com\/index.php?rest_route=\/wp\/v2\/pages\/39\/revisions\/377"}],"wp:attachment":[{"href":"https:\/\/jobpartner1.com\/index.php?rest_route=%2Fwp%2Fv2%2Fmedia&parent=39"}],"curies":[{"name":"wp","href":"https:\/\/api.w.org\/{rel}","templated":true}]}}